number?
True
Is 142019 composite?
False
Is 40805 composite?
True
Is 15947 prime?
False
Is 251987 prime?
False
Is 33595 a prime number?
False
Is 132785 composite?
True
Is 65447 composite?
False
Is 14051 a composite number?
False
Is 2039 prime?
True
Is 385967 a composite number?
False
Is 396157 a prime number?
True
Is 166099 a prime number?
True
Is 12097 a prime number?
True
Is 63695 composite?
True
Is 9797 a prime number?
False
Is 264931 a composite number?
False
Is 124309 prime?
True
Is 98399 a prime number?
False
Is 134167 a prime number?
False
Is 5880161 a composite number?
True
Is 514223 a composite number?
True
Is 4389691 prime?
True
Is 389411 a composite number?
True
Is 130281 a composite number?
True
Is 1399 prime?
True
Is 267097 a composite number?
False
Is 16181 prime?
False
Is 26981 prime?
True
Is 46217 composite?
True
Is 6731 a prime number?
False
Is 3647 a composite number?
True
Is 4489 a composite number?
True
Is 3389 prime?
True
Is 97267 prime?
False
Is 43943 prime?
True
Is 15706 composite?
True
Is 32993 composite?
False
Is 71503 a composite number?
False
Is 2599 prime?
False
Is 239 prime?
True
Is 66077 composite?
True
Is 17165 a composite number?
True
Is 464119 a prime number?
True
Is 51151 a composite number?
False
Is 2153 a prime number?
True
Is 374287 a composite number?
False
Is 9961 prime?
False
Is 25891 a composite number?
True
Is 120113 composite?
True
Is 399719 a composite number?
False
Is 7377 a composite number?
True
Is 119 a prime number?
False
Is 1529 prime?
False
Is 31918 composite?
True
Is 9671 prime?
False
Is 54163 a composite number?
False
Is 1709801 a prime number?
False
Is 2237 composite?
False
Is 382 composite?
True
Is 41381 a prime number?
True
Is 249 a prime number?
False
Is 3119 a prime number?
True
Is 581645 a composite number?
True
Is 10193 a composite number?
False
Is 73189 a prime number?
True
Is 1969 prime?
False
Is 20095 composite?
True
Is 906781 a prime number?
False
Is 19111 a prime number?
False
Is 4127 a prime number?
True
Is 18329 a composite number?
False
Is 219 a prime number?
False
Is 217 a composite number?
True
Is 71999 composite?
False
Is 7631 a composite number?
True
Is 1649 composite?
True
Is 1003463 prime?
True
Is 30293 composite?
False
Is 210505 a prime number?
False
Is 819977 a prime number?
True
Is 268913 composite?
False
Is 100789 composite?
True
Is 65753 a composite number?
True
Is 9871 a composite number?
False
Is 1276927 prime?
True
Is 45757 a prime number?
True
Is 36523 prime?
True
Is 15293 prime?
False
Is 16509 a composite number?
True
Is 370126 composite?
True
Is 18617 prime?
True
Is 6299 prime?
True
Is 37117 composite?
False
Is 316742 a composite number?
True
Is 205297 a composite number?
False
Is 127123 composite?
False
Is 90983 composite?
True
Is 100461 composite?
True
Is 913897 prime?
False
Is 165067 prime?
False
Is 16367 composite?
True
Is 576059 a prime number?
False
Is 1066279 composite?
False
Is 2117 a prime number?
False
Is 101513 a prime number?
True
Is 373273 composite?
False
Is 1594387 composite?
False
Is 100169 composite?
False
Is 87823 prime?
False
Is 61823 a prime number?
False
Is 18023 prime?
False
Is 1101 a prime number?
False
Is 34199 a prime number?
False
Is 223963 composite?
False
Is 122933 composite?
True
Is 550903 prime?
True
Is 454799 composite?
False
Is 269779 prime?
True
Is 46891 prime?
False
Is 109717 a composite number?
False
Is 332729 a prime number?
True
Is 53617 a prime number?
True
Is 154441 a prime number?
False
Is 46451 a composite number?
False
Is 82097 a composite number?
True
Is 30209 a composite number?
True
Is 50287 a composite number?
False
Is 6866 a prime number?
False
Is 33407 a prime number?
False
Is 29707 a prime number?
False
Is 1567 composite?
False
Is 1903 a prime number?
False
Is 8501 a composite number?
False
Is 18041 a composite number?
False
Is 7321 a composite number?
False
Is 24253 prime?
False
Is 334843 prime?
True
Is 16547 composite?
False
Is 2521 a composite number?
False
Is 14167 a composite number?
True
Is 1027 prime?
False
Is 54211 prime?
False
Is 139585 prime?
False
Is 210415 a composite number?
True
Is 21003 prime?
False
Is 1313441 a composite number?
True
Is 8219 a prime number?
True
Is 1360781 a composite number?
False
Is 1931503 a composite number?
True
Is 2173 a prime number?
False
Is 7321 composite?
False
Is 379 a composite number?
False
Is 44929 a composite number?
True
Is 115243 prime?
False
Is 635 composite?
True
Is 96619 a composite number?
True
Is 778922 composite?
True
Is 101359 composite?
False
Is 44543 composite?
False
Is 135173 a composite number?
False
Is 183487 a prime number?
True
Is 354121 prime?
True
Is 2392981 composite?
True
Is 899659 a prime number?
True
Is 1497 a prime number?
False
Is 571 composite?
False
Is 959 a prime number?
False
Is 15563 composite?
True
Is 19 a prime number?
True
Is 410573 prime?
False
Is 195877 a composite number?
True
Is 891677 composite?
False
Is 2901 composite?
True
Is 460205 a composite number?
True
Is 36181 prime?
False
Is 890531 composite?
False
Is 611189 a prime number?
True
Is 58423 prime?
False
Is 250343 a prime number?
True
Is 16909 composite?
True
Is 278177 prime?
True
Is 437539 composite?
False
Is 138157 a composite number?
False
Is 883397 composite?
False
Is 23813 a prime number?
True
Is 61891 a prime number?
False
Is 95686 a composite number?
True
Is 43339 prime?
False
Is 10883 composite?
False
Is 965587 a composite number?
True
Is 625454 a prime number?
False
Is 10007 a prime number?
True
Is 9073 a composite number?
True
Is 2785 a prime number?
False
Is 79991 a composite number?
True
Is 201613 prime?
False
Is 26669 a prime number?
True
Is 136103 a prime number?
False
Is 28459 prime?
False
Is 794 a composite number?
True
Is 206629 a prime number?
False
Is 910603 composite?
False
Is 6913 prime?
False
Is 4573 a composite number?
True
Is 1621 composite?
False
Is 107171 composite?
False
Is 234587 composite?
False
Is 172277 composite?
True
Is 126067 a composite number?
False
Is 15959 a composite number?
False
Is 4559 a prime number?
False
Is 9806 a composite number?
True
Is 48271 a composite number?
False
Is 186377 a composite number?
False
Is 6589 a prime number?
False
Is 725198 a composite number?
True
Is 98247 composite?
True
Is 26357 composite?
False
Is 1163 composite?
False
Is 1975573 prime?
True
Is 3227 a prime number?
False
Is 166013 a prime number?
True
Is 1559 composite?
False
Is 88535 composite?
True
Is 714943 a prime number?
True
Is 727313 prime?
True
Is 1566761 composite?
True
Is 129341 a prime number?
True
Is 46327 a composite number?
False
Is 14953 composite?
True
Is 8347 a composite number?
True
Is 3611 a prime number?
False
Is 714673 a prime number?
True
Is 586591 prime?
False
Is 1317827 a prime number?
False
Is 48109 a composite number?
False
Is 5617421 composite?
False
Is 2299697 a prime number?
True
Is 2438705 composite?
True
Is 1329847 a prime number?
True
Is 983201 a prime number?
False
Is 136727 a prime number?
True
Is 3545593 a composite number?
True
Is 9023 composite?
True
Is 48449 a prime number?
True
Is 79259 composite?
False
Is 295 a composite number?
True
Is 90031 a prime number?
True
Is 107693 prime?
True
Is 16183 a composite number?
False
Is 486443 a composite number?
False
Is 36233 a composite number?
True
Is 246307 prime?
False
Is 664397 composite?
True
Is 63059 a prime number?
True
Is 228343 prime?
False
Is 7247 composite?
False
Is 12452153 a prime number?
False
Is 103549 a composite number?
False
Is 41479 a composite number?
False
Is 502301 prime?
True
Is 12451 a prime number?
True
Is 1943 composite?
True
Is 1942747 composite?
False
Is 18041 a prime number?
True
Is 253 a prime number?
False
Is 506761 prime?
False
Is 16489 composite?
True
Is 7883 prime?
True
Is 65677 a composite number?
False
Is 1096219 a composite number?
False
Is 6421 composite?
False
Is 5507 composite?
False
Is 36229 a composite number?
False
Is 611 a prime number?
False
Is 2053 prime?
True
Is 9601 a composite number?
False
Is 443 prime?
True
Is 42277 prime?
False
Is 257429 a composite number?
True
Is 4529 composite?
True
Is 1481 a composite number?
False
Is 117659 prime?
True
Is 157379 composite?
True
Is 315589 a prime number?
True
Is 1691 composite?
True
I